{"id":66,"date":"2022-05-18T17:53:14","date_gmt":"2022-05-18T17:53:14","guid":{"rendered":"http:\/\/sdsnowawies.pl\/bipsds\/?page_id=66"},"modified":"2023-05-31T21:21:10","modified_gmt":"2023-05-31T21:21:10","slug":"jednostka","status":"publish","type":"page","link":"https:\/\/comkociolki.pl\/bip\/index.php\/jednostka\/","title":{"rendered":"Jednostka"},"content":{"rendered":"\n<h2 class=\"wp-block-heading\"><br>Dane podstawowe<\/h2>\n\n\n\n<p><strong>Nazwa:<\/strong>\u00a0Centrum Opieku\u0144czo &#8211; Mieszkalne w Kocio\u0142kach<br><strong>Adres:\u00a0<\/strong>ul. Mi\u0119towa 5, 26-900 Kocio\u0142ki<br><strong>Telefon:\u00a0<\/strong>+48 48 3320020, 453089505<br><strong>NIP:<\/strong>\u00a08121926350<br><strong>REGON:<\/strong>\u00a0524750882<br><\/p>\n\n\n\n<h2 class=\"wp-block-heading\">Klasyfikacja dzia\u0142alno\u015bci<\/h2>\n\n\n\n<p><strong>Forma Prawna:<\/strong>&nbsp;GMINNE SAMORZ\u0104DOWE JEDNOSTKI ORGANIZACYJNE<br><strong>Forma finansowania:<\/strong>&nbsp;JEDNOSTKA BUD\u017bETOWA<br><strong>Kod PKD:<\/strong>&nbsp;<br>+ 88.10.Z&nbsp;Pomoc spo\u0142eczna bez zakwaterowania dla os\u00f3b w podesz\u0142ym wieku i os\u00f3b niepe\u0142nosprawnych<br>+ 87.30.Z&nbsp;Pomoc spo\u0142eczna z zakwaterowaniem dla os\u00f3b w podesz\u0142ym wieku i os\u00f3b niepe\u0142nosprawnych<\/p>\n","protected":false},"excerpt":{"rendered":"<p>Dane podstawowe Nazwa:\u00a0Centrum Opieku\u0144czo &#8211; Mieszkalne w Kocio\u0142kachAdres:\u00a0ul. Mi\u0119towa 5, 26-900 Kocio\u0142kiTelefon:\u00a0+48 48 3320020, 453089505NIP:\u00a08121926350REGON:\u00a0524750882 Klasyfikacja dzia\u0142alno\u015bci Forma Prawna:&nbsp;GMINNE SAMORZ\u0104DOWE JEDNOSTKI ORGANIZACYJNEForma finansowania:&nbsp;JEDNOSTKA BUD\u017bETOWAKod PKD:&nbsp;+ 88.10.Z&nbsp;Pomoc spo\u0142eczna bez zakwaterowania dla os\u00f3b w podesz\u0142ym wieku i os\u00f3b niepe\u0142nosprawnych+ 87.30.Z&nbsp;Pomoc spo\u0142eczna z zakwaterowaniem dla os\u00f3b w podesz\u0142ym wieku i os\u00f3b niepe\u0142nosprawnych<\/p>\n","protected":false},"author":1,"featured_media":0,"parent":0,"menu_order":0,"comment_status":"closed","ping_status":"closed","template":"","meta":{"footnotes":""},"class_list":["post-66","page","type-page","status-publish","hentry"],"_links":{"self":[{"href":"https:\/\/comkociolki.pl\/bip\/index.php\/wp-json\/wp\/v2\/pages\/66","targetHints":{"allow":["GET"]}}],"collection":[{"href":"https:\/\/comkociolki.pl\/bip\/index.php\/wp-json\/wp\/v2\/pages"}],"about":[{"href":"https:\/\/comkociolki.pl\/bip\/index.php\/wp-json\/wp\/v2\/types\/page"}],"author":[{"embeddable":true,"href":"https:\/\/comkociolki.pl\/bip\/index.php\/wp-json\/wp\/v2\/users\/1"}],"replies":[{"embeddable":true,"href":"https:\/\/comkociolki.pl\/bip\/index.php\/wp-json\/wp\/v2\/comments?post=66"}],"version-history":[{"count":2,"href":"https:\/\/comkociolki.pl\/bip\/index.php\/wp-json\/wp\/v2\/pages\/66\/revisions"}],"predecessor-version":[{"id":158,"href":"https:\/\/comkociolki.pl\/bip\/index.php\/wp-json\/wp\/v2\/pages\/66\/revisions\/158"}],"wp:attachment":[{"href":"https:\/\/comkociolki.pl\/bip\/index.php\/wp-json\/wp\/v2\/media?parent=66"}],"curies":[{"name":"wp","href":"https:\/\/api.w.org\/{rel}","templated":true}]}}